test common divisor of i and 57.
19
Let p = -50 - -84. What is the highest common factor of p and 238?
34
Let l be 0 + 1/(-1) + 4. Suppose -4*k - 48 = -4*p, -3*p - k + 19 + 17 = 0. Calculate the greatest common factor of p and l.
3
Let l be (-36)/(-10) + (-2)/(-5). Suppose l*y = 3*m - 3, 0*y - 3*m = 2*y - 21. Let d be (-16)/(-3) + (-1)/y. What is the highest common divisor of 35 and d?
5
Suppose -6*f + 6 = -24. Suppose -f*g + 2*g + 96 = 0. What is the highest common factor of g and 64?
32
Let r(a) = a + 32. Let p be r(-14). What is the greatest common factor of 2 and p?
2
Let u(p) = p**3 - 7*p**2 + 7*p - 6. Let b be u(6). Suppose b*z - 20 = -2*z. Let f be (4290/273)/((-3)/(-21)). What is the highest common factor of z and f?
10
Let g(w) = w**2 - 12*w - 3. Let n be g(12). Let i be (n - 99)/(-1) + 3. What is the highest common factor of i and 42?
21
Suppose 3*f = l + 27, -2*f = 2*l + 2*l - 32. What is the highest common divisor of f and 70?
10
Suppose 5*t = 11*t - 132. Suppose 5*d + 5 = 5*n, 5*d = -n + 34 - 9. Let l = d + -2. What is the greatest common factor of t and l?
2
Suppose -z = 2*z - 39. Suppose 3 = q - 2. Suppose 0 = -3*i + q*n + 24, 2*n - 2 = i - 3*n. Calculate the greatest common divisor of z and i.
13
Let r = -10 + 14. Suppose -3*m - 10 = -64. Suppose -3*v - f = -2*f - m, 3*v = -2*f + 18. Calculate the greatest common factor of v and r.
2
Let f(v) = 12*v + 4. Let u(t) = 2*t + 5. Let r be u(0). Let s be f(r). Calculate the greatest common factor of s and 8.
8
Let m(i) = i + 9. Let u be m(-8). Let q be u + ((-4)/2 - -9). What is the greatest common factor of q and 2?
2
Suppose 300 = 3*z - o, 4*z + 5*o - 196 = 185. What is the greatest common divisor of 9 and z?
9
Suppose -3*r = -31 + 7. Calculate the highest common divisor of 16 and r.
8
Let q(x) = 2*x - 6. Let b be q(4). Let k = -7 + 15. Suppose 5*v - k = -4*a, 0 = 5*a + 3*v - 8 - 2. What is the greatest common divisor of b and a?
2
Suppose 0 = -h - c, -3*c + 0 = 5*h - 8. Calculate the highest common factor of 28 and h.
4
Let v be -2 + 4/8 + 364/8. Let c = -13 + 24. What is the highest common divisor of v and c?
11
Let w(u) = 33*u + 40. Let s(t) = 8*t + 10. Let n(v) = 22*s(v) - 6*w(v). Let o be n(-8). What is the highest common divisor of 39 and o?
39
Suppose 2*x - 20 = 6*x, -x - 13 = -4*s. Let t(d) = 12*d. Let i be t(s). Calculate the highest common factor of 60 and i.
12
Let z = 171 - 3. Let j = -80 + z. Let a be (-8)/3*-1*3. Calculate the highest common factor of a and j.
8
Suppose 2*h + 2 + 14 = 0. Let g(i) = -i**2 - 10*i - 11. Let x be g(h). What is the greatest common divisor of x and 35?
5
Suppose -4*z + j = z - 313, 4 = 2*j. Suppose 7*c = 4*c + z. What is the greatest common factor of 3 and c?
3
Let u = -20 + 30. Let y = -159 - -249. What is the greatest common divisor of u and y?
10
Let m be (-122 - 2)/(-4) - -2. Suppose -5*q + m = -2. Calculate the greatest common factor of 7 and q.
7
Let s = -76 + 118. Let h(n) be the second derivative of n**4/12 - n**3/3 + 3*n**2/2 + n. Let k be h(3). Calculate the greatest common divisor of s and k.
6
Let u be (11 - 3)*(-2)/(-4). Suppose 2*m - u = 4. Suppose 0 = 3*a - m*h - 32, 0 = 5*a - 4*h + h - 35. Calculate the greatest common factor of a and 1.
1
Let h = 2 - 0. Suppose -h*t - 84 = -0*t. Let s be (-187)/(-7) - 12/t. What is the greatest common factor of 3 and s?
3
Suppose -176 = -4*l - 0*l. Suppose -2*n - p = -5*p - l, 4*n + 5*p = 88. Calculate the highest common factor of 55 and n.
11
Let m(u) = -u**3 - 7*u**2 + 3*u + 10. Let n(i) = i**2 + 3. Let s be n(3). Suppose 2*q + 4 = -s. Let h be m(q). What is the greatest common factor of 5 and h?
5
Let z = 50 - 42. What is the greatest common divisor of 12 and z?
4
Suppose 0 = 8*f - 9*f + 12. Suppose -11 = -4*o - 5*c + 7, -2*c = 4*o - f. What is the highest common divisor of 8 and o?
2
Suppose 5*u - u - 20 = 0. Suppose -u*c = -c - 40. Calculate the highest common factor of c and 4.
2
Let p be ((-4)/8)/(1/(-18)). Calculate the highest common divisor of p and 36.
9
Let q be 13/(-2)*(4 - 6). What is the greatest common divisor of 91 and q?
13
Let z = -9 - 8. Let t = 55 + z. What is the greatest common divisor of 19 and t?
19
Let h(m) = -m**2 + 8*m - 5. Let i be h(5). Suppose -d + i = -2. What is the highest common factor of 12 and d?
12
Suppose 5*l = 4*t + 216, 0 = l + 5*t - 0*t - 20. Suppose s - l = 20. Calculate the greatest common divisor of s and 10.
10
Let a be -2*((-105)/6 + -2). Let o be a/3*10/2. Calculate the highest common divisor of 13 and o.
13
Let w(j) = j**2 + 4*j + 2. Let v be w(-4). Let r(u) = 16 - v*u - 3*u + 6*u. Let a be r(-7). What is the highest common divisor of a and 81?
9
Let u be 1*12*(9 - 0). Let f(r) = 2*r**3 - 19*r**2 + 10*r + 3. Let v be f(9). Calculate the highest common divisor of u and v.
12
Suppose 0 = 6*y - y - 45. Suppose 247 = o + 3*v, 4*o - 3*v - 958 = -5*v. Let z = o - 157. Calculate the highest common divisor of y and z.
9
Suppose 0 = -2*s - 2 + 12. Suppose 2*o - s*q = 29 - 5, o - 5*q = 17. Let d be (2 - (-6)/1) + -1. Calculate the greatest common factor of d and o.
7
Let n = -50 - -81. Calculate the greatest common factor of 62 and n.
31
Suppose 22 = -m + 3*m. Suppose 5*s = 4*q + 318 + 102, 3*s - 2*q = 254. Calculate the greatest common divisor of m and s.
11
Suppose 0 = -4*n - 2*m + m + 1047, 0 = 4*n - 3*m - 1035. Suppose -5*u = -u - 5*k - 96, 3*k + 75 = 3*u. What is the greatest common divisor of n and u?
29
Suppose 0*o + 8 = 2*o. Let p be 6/8 - (-42)/8. What is the greatest common divisor of p and o?
2
Let a(w) = 4*w**3 + 2*w**2 + 2*w - 2. Let c be a(2). Suppose 3*k = k + c. Calculate the greatest common divisor of k and 42.
21
Suppose -2*c = k + 3, k + 0 = -1. Let j be (-2)/((4/110)/c). Suppose 2*m - 4*s = -3*m + 25, 20 = 4*m - 2*s. What is the highest common factor of m and j?
5
Let x(h) = -5*h**2 + h. Let o be x(1). Let t be 150/22 + o/(-22). Calculate the highest common divisor of 63 and t.
7
Let y be 2*(-3)/6*-3. Suppose 45 = 4*z - y. What is the highest common divisor of 84 and z?
12
Suppose -5*o = j - 55, o + 2*o = 2*j + 20. Suppose 7*c + 36 = o*c. Calculate the greatest common factor of 12 and c.
12
Let z(r) = 6*r**2 + 7*r + 2. Let y be z(-8). Calculate the greatest common divisor of 30 and y.
30
Let t be (-10)/(-25)*(164 - -1). Calculate the greatest common factor of 11 and t.
11
Let j(k) = k**3 - 6*k**2 + k - 4. Let d be j(6). Suppose d*i - 45 - 5 = 0. Let a be (8 + -3)*(-4)/(-2). What is the highest common factor of a and i?
5
Let l(a) = 31*a**2 + 2*a - 1. Let b be l(-2). Let g be (-2)/4 - (-549)/6. Suppose 5*y = -3*h + g, 4 + 6 = 5*h. Calculate the highest common divisor of b and y.
17
Suppose 4 = -4*f + 20. Suppose -2*z = j - 10, 3*j + f*z - 10 - 16 = 0. Calculate the highest common divisor of 24 and j.
6
Suppose 0 = -d + g + 21, 99 = 5*d - g - g. Suppose 5*y = 1189 - 334. Calculate the highest common divisor of d and y.
19
Let m be 7*(16 - 2)/2. Calculate the greatest common factor of 7 and m.
7
Let p = -4 + 7. Let a be -3*(-24)/27*p. What is the highest common factor of 2 and a?
2
Suppose -3*q = -2*x - 24, -1 = 2*x - 7. Suppose 0*r = -5*r - 280. Let n = q - r. What is the highest common factor of 6 and n?
6
Let h = 2 - 4. Let v be (1 - h) + -1 - 0. Suppose 7*q + 18 = 74. Calculate the highest common divisor of q and v.
2
Let f = 50 + -88. Let j = -23 - f. Suppose 6 = 2*x - 0. Calculate the highest common divisor of j and x.
3
Let d(f) = f**3 - 2*f**2 - 1. Let y be (-4 + 0)*2/(-4). Let n be d(y). Let a be n/(2 + (-10)/4). What is the greatest common factor of 6 and a?
2
Let o = -45 + 65. Calculate the greatest common factor of o and 4.
4
Suppose -4*x + 0*x + 8 = 0. Let h be (-1323)/(-35) - x/(-10). Calculate the highest common factor of 19 and h.
19
Let j(x) = x - 2. Let p be j(2). Let m(c) = c - 4. Let g be m(p). Let b be (g/10)/(2/(-60)). Calculate the greatest common factor of b and 48.
12
Let z(r) be the third derivative of -r**4/3 - r**2. Let v be z(-3). Calculate the highest common factor of v and 6.
6
Let f = 20 + -7. Calculate the greatest common divisor of f and 13.
13
Let p be 3/5 - 35/(-25). Suppose 0 = 3*t, -p*q + 264 = q + t. Calculate the highest common divisor of q and 11.
11
Let t(l) = 7*l - 7. Let u be t(5). What i